{"id":358,"date":"2015-07-28T19:38:04","date_gmt":"2015-07-28T17:38:04","guid":{"rendered":"http:\/\/intersections.es\/?page_id=358"},"modified":"2018-08-09T22:30:02","modified_gmt":"2018-08-09T20:30:02","slug":"isabel-ma-andres-cuevas","status":"publish","type":"page","link":"https:\/\/intersections.es\/?page_id=358","title":{"rendered":"Isabel M\u00aa Andres-Cuevas"},"content":{"rendered":"<p>[et_pb_section bb_built=&#8221;1&#8243; background_image=&#8221;http:\/\/intersections.es\/wp-content\/uploads\/2015\/05\/J029PP7U7I_peq1.jpg&#8221; transparent_background=&#8221;off&#8221; allow_player_pause=&#8221;off&#8221; inner_shadow=&#8221;off&#8221; parallax=&#8221;off&#8221; parallax_method=&#8221;off&#8221; padding_mobile=&#8221;off&#8221; make_fullwidth=&#8221;off&#8221; use_custom_width=&#8221;off&#8221; width_unit=&#8221;on&#8221; custom_width_px=&#8221;1080px&#8221; custom_width_percent=&#8221;80%&#8221; make_equal=&#8221;off&#8221; use_custom_gutter=&#8221;off&#8221; fullwidth=&#8221;off&#8221; specialty=&#8221;on&#8221; parallax_1=&#8221;off&#8221; parallax_2=&#8221;off&#8221; parallax_method_1=&#8221;off&#8221; parallax_method_2=&#8221;off&#8221; disabled=&#8221;off&#8221; custom_padding_tablet=&#8221;50px|0|50px|0&#8243; custom_padding_last_edited=&#8221;on|desktop&#8221; next_background_color=&#8221;#ffffff&#8221;][et_pb_column type=&#8221;1_4&#8243;][et_pb_image admin_label=&#8221;Foto Isabel Andres-Cuevas&#8221; src=&#8221;http:\/\/intersections.es\/wp-content\/uploads\/2015\/07\/IMG-20160627-WA0008.jpg&#8221; show_in_lightbox=&#8221;off&#8221; url_new_window=&#8221;off&#8221; use_overlay=&#8221;off&#8221; sticky=&#8221;on&#8221; align=&#8221;center&#8221; max_width=&#8221;250px&#8221; force_fullwidth=&#8221;on&#8221; always_center_on_mobile=&#8221;on&#8221; use_border_color=&#8221;off&#8221; border_color=&#8221;#ba75b0&#8243; border_width=&#8221;3px&#8221; border_style=&#8221;solid&#8221; disabled=&#8221;off&#8221; animation_style=&#8221;slide&#8221; animation_duration=&#8221;500ms&#8221; animation_intensity_slide=&#8221;10%&#8221; animation_direction=&#8221;left&#8221; show_bottom_space=&#8221;off&#8221;]<\/p>\n<p>&nbsp;<\/p>\n<p>[\/et_pb_image][\/et_pb_column][et_pb_column type=&#8221;3_4&#8243; specialty_columns=&#8221;3&#8243;][et_pb_row_inner admin_label=&#8221;Row&#8221; padding_mobile=&#8221;off&#8221; use_custom_gutter=&#8221;off&#8221; make_equal=&#8221;off&#8221; column_padding_mobile=&#8221;off&#8221; parallax_1=&#8221;off&#8221; parallax_method_1=&#8221;on&#8221; parallax_2=&#8221;off&#8221; parallax_method_2=&#8221;on&#8221; parallax_3=&#8221;off&#8221; parallax_method_3=&#8221;on&#8221; disabled=&#8221;off&#8221;][et_pb_column_inner type=&#8221;4_4&#8243; saved_specialty_column_type=&#8221;3_4&#8243;][et_pb_text admin_label=&#8221;Dr. Carmen Lara-Rallo&#8221; use_border_color=&#8221;off&#8221; disabled=&#8221;off&#8221; _builder_version=&#8221;3.2&#8243;]<\/p>\n<h1><strong><span style=\"color: #7a10a0;\">Dr.\u00a0Isabel Mar\u00eda Andr\u00e9s-Cuevas<\/span><\/strong><\/h1>\n<p>[\/et_pb_text][et_pb_text text_orientation=&#8221;justified&#8221; use_border_color=&#8221;off&#8221; disabled=&#8221;off&#8221; _builder_version=&#8221;3.2&#8243;]<\/p>\n<p><span style=\"color: #4f4f4f;\">has focused her research for the last few years on the short story in English by women writers. She is interested in Modernist fiction and, in particular, in the narrative of Virginia Woolf. She has co-authored a monograph on gender and the grotesque in the short fiction by Katherine Mansfield and the novels of Virginia Woolf.<br \/>\n<\/span><\/p>\n<p>[\/et_pb_text][et_pb_text admin_label=&#8221;Research interests&#8221; use_border_color=&#8221;off&#8221; disabled=&#8221;off&#8221; _builder_version=&#8221;3.2&#8243;]<\/p>\n<p><span style=\"color: #808080;\"><span style=\"color: #7a10a0;\">Research interests<\/span><span style=\"color: #4f4f4f;\">:\u00a0the short story; gender studies; Modernism; women\u2019s fiction; carnival theory.<\/span><\/span><\/p>\n<p>&nbsp;<\/p>\n<p>[\/et_pb_text][\/et_pb_column_inner][\/et_pb_row_inner][\/et_pb_column][\/et_pb_section][et_pb_section bb_built=&#8221;1&#8243; admin_label=&#8221;section&#8221; transparent_background=&#8221;off&#8221; allow_player_pause=&#8221;off&#8221; inner_shadow=&#8221;off&#8221; parallax=&#8221;off&#8221; parallax_method=&#8221;on&#8221; padding_mobile=&#8221;off&#8221; make_fullwidth=&#8221;off&#8221; use_custom_width=&#8221;off&#8221; width_unit=&#8221;off&#8221; custom_width_px=&#8221;1080px&#8221; custom_width_percent=&#8221;80%&#8221; make_equal=&#8221;off&#8221; use_custom_gutter=&#8221;off&#8221; fullwidth=&#8221;off&#8221; specialty=&#8221;off&#8221; disabled=&#8221;off&#8221; custom_padding_tablet=&#8221;50px|0|50px|0&#8243; custom_padding_last_edited=&#8221;on|desktop&#8221; prev_background_color=&#8221;#ffffff&#8221; next_background_color=&#8221;#000000&#8243;][et_pb_row admin_label=&#8221;row&#8221; make_fullwidth=&#8221;off&#8221; use_custom_width=&#8221;off&#8221; width_unit=&#8221;off&#8221; custom_width_px=&#8221;1080px&#8221; custom_width_percent=&#8221;80%&#8221; use_custom_gutter=&#8221;off&#8221; gutter_width=&#8221;3&#8243; padding_mobile=&#8221;off&#8221; allow_player_pause=&#8221;off&#8221; parallax=&#8221;off&#8221; parallax_method=&#8221;on&#8221; make_equal=&#8221;off&#8221; column_padding_mobile=&#8221;on&#8221; parallax_1=&#8221;off&#8221; parallax_method_1=&#8221;on&#8221; parallax_2=&#8221;off&#8221; parallax_method_2=&#8221;on&#8221; parallax_3=&#8221;off&#8221; parallax_method_3=&#8221;on&#8221; parallax_4=&#8221;off&#8221; parallax_method_4=&#8221;on&#8221; disabled=&#8221;off&#8221; background_position=&#8221;top_left&#8221; background_repeat=&#8221;repeat&#8221; background_size=&#8221;initial&#8221;][et_pb_column type=&#8221;4_4&#8243;][et_pb_text admin_label=&#8221;Publications&#8221; use_border_color=&#8221;off&#8221; disabled=&#8221;off&#8221; background_position=&#8221;top_left&#8221; background_repeat=&#8221;repeat&#8221; background_size=&#8221;initial&#8221; _builder_version=&#8221;3.2&#8243;]<\/p>\n<h1 class=\"western\" lang=\"en-GB\" style=\"text-align: center;\"><strong><span style=\"color: #7a10a0;\">Publications<\/span><\/strong><\/h1>\n<p>[\/et_pb_text][et_pb_text text_orientation=&#8221;justified&#8221; text_text_color=&#8221;#000000&#8243; use_border_color=&#8221;off&#8221; disabled=&#8221;off&#8221; background_position=&#8221;top_left&#8221; background_repeat=&#8221;repeat&#8221; background_size=&#8221;initial&#8221; _builder_version=&#8221;3.2&#8243;]<\/p>\n<p><span style=\"color: #4f4f4f;\">2017.\u00a0<span style=\"font-size: 14px; background-color: #ffffff;\">\u201c&#8217;<\/span>The Sap to Flow&#8217;: Nature and the Quest for the Female Self in Margaret Drabble&#8217;s &#8216;The Merry Widow&#8217;<span style=\"font-size: 14px; background-color: #ffffff;\">\u201d<\/span>\u00a0in J. Ros Velasco. New York: Nova Science Publishers, Inc. \u00a0978-53612-058-5.\u00a0<\/span><\/p>\n<p><span style=\"color: #4f4f4f; font-size: 14px; background-color: #ffffff;\">2014.\u201cModernism, Postmodernism, and the Short Story in English, ed. Jorge Sacido\u201d. Miscel\u00e1nea: Revista de Estudios Ingleses y Norteamericanos 50 (2014): 173\u2013177.<\/span><\/p>\n<p><span style=\"color: #4f4f4f;\"> 2014. (with L. Lojo-Rodr\u00edguez and C. Lara-Rallo). \u201cThe Short Story and the Verbal-Visual Dialogue\u201d in E. \u00c1lvarez-L\u00f3pez (coord. and ed.), E. M. Dur\u00e1n-Almarza and A. Men\u00e9ndez-Tarrazo, eds., Building International Knowledge. Approaches to English and American Studies in Spain. AEDEAN\/Universidad de Oviedo, 2014, 261\u2013266.<\/span><\/p>\n<p><span style=\"color: #4f4f4f;\"> 2013. (with L. Lojo-Rodr\u00edguez and J. Sacido-Romero). \u201cParents Then and Now: Infantile and Parental Crises in the Short Fiction of Katherine Mansfield, Helen Simpson and Hanif Kureishi\u201d in R. Arias, M. L\u00f3pez-Rodr\u00edguez, C. P\u00e9rez-Hern\u00e1ndez and A. Moreno-Ortiz, eds., Hopes and Fears. English and American Studies in Spain. AEDEAN\/Universidad de M\u00e1laga, 2013, 304\u2013307.<\/span><\/p>\n<p><span style=\"color: #4f4f4f;\"> 2012. (with L. Lojo-Rodr\u00edguez and C. Lara-Rallo). \u201cEscenarios de la memoria: espacio, recuerdo y pasado traum\u00e1tico\u201d in S. Mart\u00edn-Alegre, M. Moyer, E. Pladevall and S. Tuvau, eds., At a Time of Crisis: English and American Studies in Spain: Works from the 35th AEDEAN Conference. AEDEAN\/Universidad Aut\u00f3noma de Barcelona, 2012, 242\u2013245.<\/span><\/p>\n<p><span style=\"color: #4f4f4f;\"> 2011. (with G. Rodr\u00edguez-Salas). The Aesthetic Construction of the Female Grotesque in Katherine Mansfield and Virginia Woolf: A Study of the Interplay of Life and Literature. Edwin Mellen Press: Lampeter, Ceredigion, 2011.<\/span><\/p>\n<p><span style=\"color: #4f4f4f;\"> 2011. \u201cVirginia Woolf\u2019s Ethics of the Short Story, by Christine Reynier\u201d. Miscel\u00e1nea: Revista de Estudios Ingleses y Norteamericanos 42 (2011): 173\u2013179.<\/span><\/p>\n<p><span style=\"color: #4f4f4f;\"> 2010. (with C. Lara-Rallo and L. Filardo-Lamas). \u201cThe Shot in the Story: A Roundtable Discussion on Subversion in the Short Story\u201d in R. Gal\u00e1n-Moya et al., eds., Proceedings of the 33rd Aedean International Conference. Aedean\/Universidad De C\u00e1diz, 2010.<\/span><\/p>\n<p><span style=\"color: #4f4f4f;\"> 2007. \u201cThe Duplicity of the City in O.Henry: \u2018Squaring the Circle\u2019 and \u2018The Defeat of the City\u2019\u201d in G. S. Castillo, M. R. Cabello et al., eds., The Short Story in English: Crossing Boundaries. Universidad de Alcal\u00e1 de Henares, 2007, 32\u201342.<\/span><\/p>\n<p>[\/et_pb_text][\/et_pb_column][\/et_pb_row][\/et_pb_section]<\/p>\n","protected":false},"excerpt":{"rendered":"<p>&nbsp; Dr.\u00a0Isabel Mar\u00eda Andr\u00e9s-Cuevas has focused her research for the last few years on the short story in English by women writers. She is interested in Modernist fiction and, in particular, in the narrative of Virginia Woolf. She has co-authored a monograph on gender and the grotesque in the short fiction by Katherine Mansfield and [&hellip;]<\/p>\n","protected":false},"author":1,"featured_media":0,"parent":0,"menu_order":0,"comment_status":"closed","ping_status":"closed","template":"","meta":{"_et_pb_use_builder":"on","_et_pb_old_content":"","_et_gb_content_width":"","footnotes":""},"class_list":["post-358","page","type-page","status-publish","hentry"],"_links":{"self":[{"href":"https:\/\/intersections.es\/index.php?rest_route=\/wp\/v2\/pages\/358","targetHints":{"allow":["GET"]}}],"collection":[{"href":"https:\/\/intersections.es\/index.php?rest_route=\/wp\/v2\/pages"}],"about":[{"href":"https:\/\/intersections.es\/index.php?rest_route=\/wp\/v2\/types\/page"}],"author":[{"embeddable":true,"href":"https:\/\/intersections.es\/index.php?rest_route=\/wp\/v2\/users\/1"}],"replies":[{"embeddable":true,"href":"https:\/\/intersections.es\/index.php?rest_route=%2Fwp%2Fv2%2Fcomments&post=358"}],"version-history":[{"count":14,"href":"https:\/\/intersections.es\/index.php?rest_route=\/wp\/v2\/pages\/358\/revisions"}],"predecessor-version":[{"id":366,"href":"https:\/\/intersections.es\/index.php?rest_route=\/wp\/v2\/pages\/358\/revisions\/366"}],"wp:attachment":[{"href":"https:\/\/intersections.es\/index.php?rest_route=%2Fwp%2Fv2%2Fmedia&parent=358"}],"curies":[{"name":"wp","href":"https:\/\/api.w.org\/{rel}","templated":true}]}}